{"id":2,"date":"2016-03-05T16:12:39","date_gmt":"2016-03-05T16:12:39","guid":{"rendered":"http:\/\/rt-europaallee.org\/wordpress\/?page_id=2"},"modified":"2016-05-19T17:36:21","modified_gmt":"2016-05-19T15:36:21","slug":"beispiel-seite","status":"publish","type":"page","link":"https:\/\/rt-europaallee.de\/wordpress\/beispiel-seite\/","title":{"rendered":"\u00dcber uns"},"content":{"rendered":"<p class=\"western\"><span style=\"font-family: Arial,serif;\"><span lang=\"de-DE\">Seit dem 15. Februar 2016 gibt es den &#8222;<\/span><\/span><b><span style=\"font-family: Arial,serif;\"><span lang=\"de-DE\">Runden Tisch Europaallee<\/span><\/span><\/b><span style=\"font-family: Arial,serif;\"><span lang=\"de-DE\">&#8222;.<\/span><\/span><\/p>\n<p class=\"western\" align=\"justify\"><span style=\"font-family: Arial,serif;\"><span lang=\"de-DE\">Beim <\/span><\/span><span style=\"font-family: Arial,serif;\"><span lang=\"de-DE\"><b>&#8222;<\/b><\/span><\/span><b><span style=\"font-family: Arial,serif;\"><span lang=\"de-DE\">Runden Tisch Europaallee<\/span><\/span><\/b><span style=\"font-family: Arial,serif;\"><span lang=\"de-DE\"><b>&#8222;<\/b><\/span><\/span><span style=\"font-family: Arial,serif;\"><span lang=\"de-DE\"> handelt es sich um eine B\u00fcrgerinitiative von Menschen f\u00fcr Menschen aus den G\u00f6ttinger Stadtteilen Hagenberg, Holtenser Berg, Holtensen und Umgebung, die sich privat, aus Vereinen und Kirchengemeinden heraus f\u00fcr die <!-- Geht es NUR um die Fl\u00fcchtlinge oder Fl\u00fcchtlinge allgemein? -->Fl\u00fcchtlinge und ein gemeinsames Zusammenleben engagieren m\u00f6chten.<\/span><\/span><\/p>\n<p class=\"western\" align=\"justify\"><span style=\"font-family: Arial,serif;\"><span lang=\"de-DE\">Dabei steht im Vordergrund, ein Miteinander der Menschen unterschiedlicher Nationen zu schaffen. Die hier schon Lebenden wie auch die Fl\u00fcchtlinge, die wir in dem werdenden Komplex an der Europaallee erwarten, k\u00f6nnen mit Hilfe des Runden Tisches ein starkes Miteinander und ein positives nachbarschaftliches Klima entwickeln. Jeder ist in seinem Anderssein willkommen.<!-- Jeder ist willkommen. --><\/span><\/span><\/p>\n<p class=\"western\" align=\"justify\"><span style=\"font-family: Arial,serif;\"><span lang=\"de-DE\">In Zusammenarbeit mit dem Betreiber, dem Stadtrat, dem Ortsrat und der Stadt G\u00f6ttingen wollen wir durch vielf\u00e4ltige Aktionen, Angebote und Programme <!-- Gibt\u2019s dabei schon was konkretes? Ich w\u00fcrde ein bisschen mit Infos f\u00fcttern. -->das Verst\u00e4ndnis f\u00fcreinander f\u00f6rdern.<\/span><\/span><\/p>\n<p class=\"western\"><span style=\"font-family: Arial,serif;\"><span lang=\"de-DE\">Jeder kann mitmachen, der Interesse am Zusammenleben und der Integration aller B\u00fcrger <!-- Ich hab pers\u00f6nlich ein Problem mit dem Begriff \u201cB\u00fcrger\u201d. Aber ist schon okay. -->in unseren Wohngebieten hat. Wir freuen uns \u00fcber jedes neue Gesicht, \u00fcber jeden einzelnen Menschen<!-- Anwohner -->, neue Vereinsvertreter, weitere Kirchengemeinden, andere Institutionen, die mitmachen m\u00f6chten.<\/span><\/span><\/p>\n","protected":false},"excerpt":{"rendered":"<p>Seit dem 15. Februar 2016 gibt es den &#8222;Runden Tisch Europaallee&#8222;. Beim &#8222;Runden Tisch Europaallee&#8222; handelt es sich um eine B\u00fcrgerinitiative von Menschen f\u00fcr Menschen aus den G\u00f6ttinger Stadtteilen Hagenberg, Holtenser Berg, Holtensen und Umgebung, die sich privat, aus Vereinen und Kirchengemeinden heraus f\u00fcr die Fl\u00fcchtlinge und ein gemeinsames Zusammenleben engagieren m\u00f6chten. Dabei steht im &#8230; <a title=\"\u00dcber uns\" class=\"read-more\" href=\"https:\/\/rt-europaallee.de\/wordpress\/beispiel-seite\/\" aria-label=\"Mehr Informationen \u00fcber \u00dcber uns\">Weiterlesen<\/a><\/p>\n","protected":false},"author":1,"featured_media":0,"parent":0,"menu_order":10,"comment_status":"closed","ping_status":"open","template":"","meta":{"_mc_calendar":[],"footnotes":""},"class_list":["post-2","page","type-page","status-publish"],"_links":{"self":[{"href":"https:\/\/rt-europaallee.de\/wordpress\/wp-json\/wp\/v2\/pages\/2","targetHints":{"allow":["GET"]}}],"collection":[{"href":"https:\/\/rt-europaallee.de\/wordpress\/wp-json\/wp\/v2\/pages"}],"about":[{"href":"https:\/\/rt-europaallee.de\/wordpress\/wp-json\/wp\/v2\/types\/page"}],"author":[{"embeddable":true,"href":"https:\/\/rt-europaallee.de\/wordpress\/wp-json\/wp\/v2\/users\/1"}],"replies":[{"embeddable":true,"href":"https:\/\/rt-europaallee.de\/wordpress\/wp-json\/wp\/v2\/comments?post=2"}],"version-history":[{"count":4,"href":"https:\/\/rt-europaallee.de\/wordpress\/wp-json\/wp\/v2\/pages\/2\/revisions"}],"predecessor-version":[{"id":86,"href":"https:\/\/rt-europaallee.de\/wordpress\/wp-json\/wp\/v2\/pages\/2\/revisions\/86"}],"wp:attachment":[{"href":"https:\/\/rt-europaallee.de\/wordpress\/wp-json\/wp\/v2\/media?parent=2"}],"curies":[{"name":"wp","href":"https:\/\/api.w.org\/{rel}","templated":true}]}}

Über uns

<p class="western"><span style="font-family: Arial,serif;"><span lang="de-DE">Seit dem 15. Februar 2016 gibt es den &#8222;</span></span><b><span style="font-family: Arial,serif;"><span lang="de-DE">Runden Tisch Europaallee</span></span></b><span style="font-family: Arial,serif;"><span lang="de-DE">&#8222;.</span></span></p>
<p class="western" align="justify"><span style="font-family: Arial,serif;"><span lang="de-DE">Beim </span></span><span style="font-family: Arial,serif;"><span lang="de-DE"><b>&#8222;</b></span></span><b><span style="font-family: Arial,serif;"><span lang="de-DE">Runden Tisch Europaallee</span></span></b><span style="font-family: Arial,serif;"><span lang="de-DE"><b>&#8222;</b></span></span><span style="font-family: Arial,serif;"><span lang="de-DE"> handelt es sich um eine Bürgerinitiative von Menschen für Menschen aus den Göttinger Stadtteilen Hagenberg, Holtenser Berg, Holtensen und Umgebung, die sich privat, aus Vereinen und Kirchengemeinden heraus für die <!-- Geht es NUR um die Flüchtlinge oder Flüchtlinge allgemein? -->Flüchtlinge und ein gemeinsames Zusammenleben engagieren möchten.</span></span></p>
<p class="western" align="justify"><span style="font-family: Arial,serif;"><span lang="de-DE">Dabei steht im Vordergrund, ein Miteinander der Menschen unterschiedlicher Nationen zu schaffen. Die hier schon Lebenden wie auch die Flüchtlinge, die wir in dem werdenden Komplex an der Europaallee erwarten, können mit Hilfe des Runden Tisches ein starkes Miteinander und ein positives nachbarschaftliches Klima entwickeln. Jeder ist in seinem Anderssein willkommen.<!-- Jeder ist willkommen. --></span></span></p>
<p class="western" align="justify"><span style="font-family: Arial,serif;"><span lang="de-DE">In Zusammenarbeit mit dem Betreiber, dem Stadtrat, dem Ortsrat und der Stadt Göttingen wollen wir durch vielfältige Aktionen, Angebote und Programme <!-- Gibt’s dabei schon was konkretes? Ich würde ein bisschen mit Infos füttern. -->das Verständnis füreinander fördern.</span></span></p>
<p class="western"><span style="font-family: Arial,serif;"><span lang="de-DE">Jeder kann mitmachen, der Interesse am Zusammenleben und der Integration aller Bürger <!-- Ich hab persönlich ein Problem mit dem Begriff “Bürger”. Aber ist schon okay. -->in unseren Wohngebieten hat. Wir freuen uns über jedes neue Gesicht, über jeden einzelnen Menschen<!-- Anwohner -->, neue Vereinsvertreter, weitere Kirchengemeinden, andere Institutionen, die mitmachen möchten.</span></span></p>

<p>Seit dem 15. Februar 2016 gibt es den &#8222;Runden Tisch Europaallee&#8222;. Beim &#8222;Runden Tisch Europaallee&#8222; handelt es sich um eine Bürgerinitiative von Menschen für Menschen aus den Göttinger Stadtteilen Hagenberg, Holtenser Berg, Holtensen und Umgebung, die sich privat, aus Vereinen und Kirchengemeinden heraus für die Flüchtlinge und ein gemeinsames Zusammenleben engagieren möchten. Dabei steht im &#8230; <a title="Über uns" class="read-more" href="https://rt-europaallee.de/wordpress/beispiel-seite/" aria-label="Mehr Informationen über Über uns">Weiterlesen</a></p>
